{"id":367,"date":"2014-04-15T02:46:30","date_gmt":"2014-04-15T00:46:30","guid":{"rendered":"http:\/\/test.marathon.poznan.pl\/en\/?page_id=367"},"modified":"2025-04-10T09:53:34","modified_gmt":"2025-04-10T07:53:34","slug":"pathron","status":"publish","type":"page","link":"https:\/\/marathon.poznan.pl\/en\/pathron\/","title":{"rendered":"Pathron"},"content":{"rendered":"<p><a href=\"https:\/\/marathon.poznan.pl\/en\/wp-content\/uploads\/2014\/04\/000101-mpo08_01_mp_20081012_141913_std.jpg\"><img decoding=\"async\" loading=\"lazy\" class=\"alignright\" src=\"https:\/\/marathon.poznan.pl\/en\/wp-content\/uploads\/2014\/04\/000101-mpo08_01_mp_20081012_141913_std.jpg\" alt=\"Maciej Frankiewicz\" width=\"328\" height=\"493\" \/><\/a>Since the very beginning, Pozna\u0144 Marathon is in the lead amongst Polish and Eastern European marathons. The race attracts runners, whose ambitious goals and a strength to pursue their dreams, make them above average. A patron of the marathon could become only someone, whose achievements for the city of Pozna\u0144 were as impressive.<\/p>\n<p>Apparently difficult decision on choosing the patron was very obvious. Maciej Frankiewicz, a former vice President of Pozna\u0144, apart from his hard work on making Pozna\u0144 a prosperous city, made a huge impact on progress of Pozna\u0144 sport. He was an initiator, a co-founder and a regular participant of Pozna\u0144 Marathon, who put all his heart into promoting the event. Calling the marathon by Maciej Frankiewicz\u2019s name, we want to pay tribute to the person, thanks to whom thousands of people may participate in this dignified race today.<\/p>\n<p>Maciej Frankiewicz was fond of sport. He practised most of the sport disciplines. \u2013 He used to say that sport helps to strengthen character and build self-confidence \u2013 says Joanna Frankiewicz, president\u2019s wife. Most of the marathon runners share the same believes. \u2013 Maciej was convinced that Pozna\u0144 will have its own marathon one day and that it will be the biggest running event in Poland! Despite many sceptical opinions, he proved he was right and since the very beginning proudly participated in the race. Maciej spent his entire life believing that everyone can fulfil his dreams, even if life is full of obstacles. The runners think the same way \u2013 says Mrs. Frankiewicz.<\/p>\n<p>In private life, Maciej Frankiewicz strengthened his character in many ways. One of them was taking on parachute jumping, when being scared of heights. Not only he became good at this, but even got interested in flying gliders. He liked climbing. He was passionate about diving and getting into dangerous deep waters.<\/p>\n<p>This was his way to test himself and confront his weaknesses. He loved horse riding. Usually he rode difficult horses, the ones that other riders would be scared of. When he started jogging, the first short distances with each day became longer and longer. When he run the same distance, his goal was to finish it with better time. When he decided to take part in a running event, he didn\u2019t go for a safe option and didn\u2019t choose a half marathon &#8211; he run Warsaw Marathon! When other runners participated in two exhausting marathons a year, he run a few.<\/p>\n<p>Maciej Frankiewicz encouraged others to take up sport. He did his best to convince the citizens and people ruling the city, that sport is a great way to spend free time. Pozna\u0144 Marathon runners know well it is true. We are sure that running this long but supreme race will make them as proud as it used to make president Frankiewicz.<\/p>\n\n\t\t<style type=\"text\/css\">\n\t\t\t#gallery-1 {\n\t\t\t\tmargin: auto;\n\t\t\t}\n\t\t\t#gallery-1 .gallery-item {\n\t\t\t\tfloat: left;\n\t\t\t\tmargin-top: 10px;\n\t\t\t\ttext-align: center;\n\t\t\t\twidth: 16%;\n\t\t\t}\n\t\t\t#gallery-1 img {\n\t\t\t\tborder: 2px solid #cfcfcf;\n\t\t\t}\n\t\t\t#gallery-1 .gallery-caption {\n\t\t\t\tmargin-left: 0;\n\t\t\t}\n\t\t\t\/* see gallery_shortcode() in wp-includes\/media.php *\/\n\t\t<\/style>\n\t\t<div id='gallery-1' class='gallery galleryid-367 gallery-columns-6 gallery-size-thumbnail'><dl class='gallery-item'>\n\t\t\t<dt class='gallery-icon portrait'>\n\t\t\t\t<a href='https:\/\/marathon.poznan.pl\/en\/wp-content\/uploads\/2014\/04\/000101-mpo08_01_mp_20081012_141913_std.jpg'><img width=\"100\" height=\"150\" src=\"https:\/\/marathon.poznan.pl\/en\/wp-content\/uploads\/2014\/04\/000101-mpo08_01_mp_20081012_141913_std-100x150.jpg\" class=\"attachment-thumbnail size-thumbnail\" alt=\"\" decoding=\"async\" loading=\"lazy\" srcset=\"https:\/\/marathon.poznan.pl\/en\/wp-content\/uploads\/2014\/04\/000101-mpo08_01_mp_20081012_141913_std-100x150.jpg 100w, https:\/\/marathon.poznan.pl\/en\/wp-content\/uploads\/2014\/04\/000101-mpo08_01_mp_20081012_141913_std.jpg 1200w\" sizes=\"(max-width: 100px) 100vw, 100px\" \/><\/a>\n\t\t\t<\/dt><\/dl><dl class='gallery-item'>\n\t\t\t<dt class='gallery-icon landscape'>\n\t\t\t\t<a href='https:\/\/marathon.poznan.pl\/en\/wp-content\/uploads\/2014\/04\/123.jpg'><img width=\"150\" height=\"100\" src=\"https:\/\/marathon.poznan.pl\/en\/wp-content\/uploads\/2014\/04\/123-150x100.jpg\" class=\"attachment-thumbnail size-thumbnail\" alt=\"\" decoding=\"async\" loading=\"lazy\" srcset=\"https:\/\/marathon.poznan.pl\/en\/wp-content\/uploads\/2014\/04\/123-150x100.jpg 150w, https:\/\/marathon.poznan.pl\/en\/wp-content\/uploads\/2014\/04\/123-1230x820.jpg 1230w, https:\/\/marathon.poznan.pl\/en\/wp-content\/uploads\/2014\/04\/123.jpg 1800w\" sizes=\"(max-width: 150px) 100vw, 150px\" \/><\/a>\n\t\t\t<\/dt><\/dl><dl class='gallery-item'>\n\t\t\t<dt class='gallery-icon landscape'>\n\t\t\t\t<a href='https:\/\/marathon.poznan.pl\/en\/wp-content\/uploads\/2014\/04\/frankiewicz1.jpg'><img width=\"150\" height=\"100\" src=\"https:\/\/marathon.poznan.pl\/en\/wp-content\/uploads\/2014\/04\/frankiewicz1-150x100.jpg\" class=\"attachment-thumbnail size-thumbnail\" alt=\"\" decoding=\"async\" loading=\"lazy\" srcset=\"https:\/\/marathon.poznan.pl\/en\/wp-content\/uploads\/2014\/04\/frankiewicz1-150x100.jpg 150w, https:\/\/marathon.poznan.pl\/en\/wp-content\/uploads\/2014\/04\/frankiewicz1-2000x1333.jpg 2000w, https:\/\/marathon.poznan.pl\/en\/wp-content\/uploads\/2014\/04\/frankiewicz1-1230x820.jpg 1230w\" sizes=\"(max-width: 150px) 100vw, 150px\" \/><\/a>\n\t\t\t<\/dt><\/dl><dl class='gallery-item'>\n\t\t\t<dt class='gallery-icon landscape'>\n\t\t\t\t<a href='https:\/\/marathon.poznan.pl\/en\/wp-content\/uploads\/2014\/04\/frankiewicz2.jpg'><img width=\"150\" height=\"100\" src=\"https:\/\/marathon.poznan.pl\/en\/wp-content\/uploads\/2014\/04\/frankiewicz2-150x100.jpg\" class=\"attachment-thumbnail size-thumbnail\" alt=\"\" decoding=\"async\" loading=\"lazy\" srcset=\"https:\/\/marathon.poznan.pl\/en\/wp-content\/uploads\/2014\/04\/frankiewicz2-150x100.jpg 150w, https:\/\/marathon.poznan.pl\/en\/wp-content\/uploads\/2014\/04\/frankiewicz2-2000x1333.jpg 2000w, https:\/\/marathon.poznan.pl\/en\/wp-content\/uploads\/2014\/04\/frankiewicz2-1230x820.jpg 1230w\" sizes=\"(max-width: 150px) 100vw, 150px\" \/><\/a>\n\t\t\t<\/dt><\/dl><dl class='gallery-item'>\n\t\t\t<dt class='gallery-icon landscape'>\n\t\t\t\t<a href='https:\/\/marathon.poznan.pl\/en\/wp-content\/uploads\/2014\/04\/frankiewicz3.jpg'><img width=\"150\" height=\"100\" src=\"https:\/\/marathon.poznan.pl\/en\/wp-content\/uploads\/2014\/04\/frankiewicz3-150x100.jpg\" class=\"attachment-thumbnail size-thumbnail\" alt=\"\" decoding=\"async\" loading=\"lazy\" srcset=\"https:\/\/marathon.poznan.pl\/en\/wp-content\/uploads\/2014\/04\/frankiewicz3-150x100.jpg 150w, https:\/\/marathon.poznan.pl\/en\/wp-content\/uploads\/2014\/04\/frankiewicz3-2000x1333.jpg 2000w, https:\/\/marathon.poznan.pl\/en\/wp-content\/uploads\/2014\/04\/frankiewicz3-1230x820.jpg 1230w\" sizes=\"(max-width: 150px) 100vw, 150px\" \/><\/a>\n\t\t\t<\/dt><\/dl><dl class='gallery-item'>\n\t\t\t<dt class='gallery-icon portrait'>\n\t\t\t\t<a href='https:\/\/marathon.poznan.pl\/en\/wp-content\/uploads\/2014\/04\/PA152837.jpg'><img width=\"112\" height=\"150\" src=\"https:\/\/marathon.poznan.pl\/en\/wp-content\/uploads\/2014\/04\/PA152837-112x150.jpg\" class=\"attachment-thumbnail size-thumbnail\" alt=\"\" decoding=\"async\" loading=\"lazy\" srcset=\"https:\/\/marathon.poznan.pl\/en\/wp-content\/uploads\/2014\/04\/PA152837-112x150.jpg 112w, https:\/\/marathon.poznan.pl\/en\/wp-content\/uploads\/2014\/04\/PA152837-1500x2000.jpg 1500w, https:\/\/marathon.poznan.pl\/en\/wp-content\/uploads\/2014\/04\/PA152837-1230x1640.jpg 1230w\" sizes=\"(max-width: 112px) 100vw, 112px\" \/><\/a>\n\t\t\t<\/dt><\/dl><br style=\"clear: both\" \/>\n\t\t<\/div>\n\n","protected":false},"excerpt":{"rendered":"<p>Since the very beginning, Pozna\u0144 Marathon is in the lead amongst Polish and Eastern European marathons. The race attracts runners, whose ambitious goals and a strength to pursue their dreams, make them above average. A patron of the marathon could become only someone, whose achievements for the city of Pozna\u0144 were as impressive. Apparently difficult [&hellip;]<\/p>\n","protected":false},"author":1,"featured_media":0,"parent":0,"menu_order":61,"comment_status":"closed","ping_status":"closed","template":"page-templates\/belka-patron.php","meta":[],"_links":{"self":[{"href":"https:\/\/marathon.poznan.pl\/en\/wp-json\/wp\/v2\/pages\/367"}],"collection":[{"href":"https:\/\/marathon.poznan.pl\/en\/wp-json\/wp\/v2\/pages"}],"about":[{"href":"https:\/\/marathon.poznan.pl\/en\/wp-json\/wp\/v2\/types\/page"}],"author":[{"embeddable":true,"href":"https:\/\/marathon.poznan.pl\/en\/wp-json\/wp\/v2\/users\/1"}],"replies":[{"embeddable":true,"href":"https:\/\/marathon.poznan.pl\/en\/wp-json\/wp\/v2\/comments?post=367"}],"version-history":[{"count":7,"href":"https:\/\/marathon.poznan.pl\/en\/wp-json\/wp\/v2\/pages\/367\/revisions"}],"predecessor-version":[{"id":3620,"href":"https:\/\/marathon.poznan.pl\/en\/wp-json\/wp\/v2\/pages\/367\/revisions\/3620"}],"wp:attachment":[{"href":"https:\/\/marathon.poznan.pl\/en\/wp-json\/wp\/v2\/media?parent=367"}],"curies":[{"name":"wp","href":"https:\/\/api.w.org\/{rel}","templated":true}]}}

<p><a href="https://marathon.poznan.pl/en/wp-content/uploads/2014/04/000101-mpo08_01_mp_20081012_141913_std.jpg"><img decoding="async" loading="lazy" class="alignright" src="https://marathon.poznan.pl/en/wp-content/uploads/2014/04/000101-mpo08_01_mp_20081012_141913_std.jpg" alt="Maciej Frankiewicz" width="328" height="493" /></a>Since the very beginning, Poznań Marathon is in the lead amongst Polish and Eastern European marathons. The race attracts runners, whose ambitious goals and a strength to pursue their dreams, make them above average. A patron of the marathon could become only someone, whose achievements for the city of Poznań were as impressive.</p>
<p>Apparently difficult decision on choosing the patron was very obvious. Maciej Frankiewicz, a former vice President of Poznań, apart from his hard work on making Poznań a prosperous city, made a huge impact on progress of Poznań sport. He was an initiator, a co-founder and a regular participant of Poznań Marathon, who put all his heart into promoting the event. Calling the marathon by Maciej Frankiewicz’s name, we want to pay tribute to the person, thanks to whom thousands of people may participate in this dignified race today.</p>
<p>Maciej Frankiewicz was fond of sport. He practised most of the sport disciplines. – He used to say that sport helps to strengthen character and build self-confidence – says Joanna Frankiewicz, president’s wife. Most of the marathon runners share the same believes. – Maciej was convinced that Poznań will have its own marathon one day and that it will be the biggest running event in Poland! Despite many sceptical opinions, he proved he was right and since the very beginning proudly participated in the race. Maciej spent his entire life believing that everyone can fulfil his dreams, even if life is full of obstacles. The runners think the same way – says Mrs. Frankiewicz.</p>
<p>In private life, Maciej Frankiewicz strengthened his character in many ways. One of them was taking on parachute jumping, when being scared of heights. Not only he became good at this, but even got interested in flying gliders. He liked climbing. He was passionate about diving and getting into dangerous deep waters.</p>
<p>This was his way to test himself and confront his weaknesses. He loved horse riding. Usually he rode difficult horses, the ones that other riders would be scared of. When he started jogging, the first short distances with each day became longer and longer. When he run the same distance, his goal was to finish it with better time. When he decided to take part in a running event, he didn’t go for a safe option and didn’t choose a half marathon &#8211; he run Warsaw Marathon! When other runners participated in two exhausting marathons a year, he run a few.</p>
<p>Maciej Frankiewicz encouraged others to take up sport. He did his best to convince the citizens and people ruling the city, that sport is a great way to spend free time. Poznań Marathon runners know well it is true. We are sure that running this long but supreme race will make them as proud as it used to make president Frankiewicz.</p>

		<style type="text/css">
			#gallery-1 {
				margin: auto;
			}
			#gallery-1 .gallery-item {
				float: left;
				margin-top: 10px;
				text-align: center;
				width: 16%;
			}
			#gallery-1 img {
				border: 2px solid #cfcfcf;
			}
			#gallery-1 .gallery-caption {
				margin-left: 0;
			}
			/* see gallery_shortcode() in wp-includes/media.php */
		</style>
		<div id='gallery-1' class='gallery galleryid-367 gallery-columns-6 gallery-size-thumbnail'><dl class='gallery-item'>
			<dt class='gallery-icon portrait'>
				<a href='https://marathon.poznan.pl/en/wp-content/uploads/2014/04/000101-mpo08_01_mp_20081012_141913_std.jpg'><img width="100" height="150" src="https://marathon.poznan.pl/en/wp-content/uploads/2014/04/000101-mpo08_01_mp_20081012_141913_std-100x150.jpg" class="attachment-thumbnail size-thumbnail" alt="" decoding="async" loading="lazy" srcset="https://marathon.poznan.pl/en/wp-content/uploads/2014/04/000101-mpo08_01_mp_20081012_141913_std-100x150.jpg 100w, https://marathon.poznan.pl/en/wp-content/uploads/2014/04/000101-mpo08_01_mp_20081012_141913_std.jpg 1200w" sizes="(max-width: 100px) 100vw, 100px" /></a>
			</dt></dl><dl class='gallery-item'>
			<dt class='gallery-icon landscape'>
				<a href='https://marathon.poznan.pl/en/wp-content/uploads/2014/04/123.jpg'><img width="150" height="100" src="https://marathon.poznan.pl/en/wp-content/uploads/2014/04/123-150x100.jpg" class="attachment-thumbnail size-thumbnail" alt="" decoding="async" loading="lazy" srcset="https://marathon.poznan.pl/en/wp-content/uploads/2014/04/123-150x100.jpg 150w, https://marathon.poznan.pl/en/wp-content/uploads/2014/04/123-1230x820.jpg 1230w, https://marathon.poznan.pl/en/wp-content/uploads/2014/04/123.jpg 1800w" sizes="(max-width: 150px) 100vw, 150px" /></a>
			</dt></dl><dl class='gallery-item'>
			<dt class='gallery-icon landscape'>
				<a href='https://marathon.poznan.pl/en/wp-content/uploads/2014/04/frankiewicz1.jpg'><img width="150" height="100" src="https://marathon.poznan.pl/en/wp-content/uploads/2014/04/frankiewicz1-150x100.jpg" class="attachment-thumbnail size-thumbnail" alt="" decoding="async" loading="lazy" srcset="https://marathon.poznan.pl/en/wp-content/uploads/2014/04/frankiewicz1-150x100.jpg 150w, https://marathon.poznan.pl/en/wp-content/uploads/2014/04/frankiewicz1-2000x1333.jpg 2000w, https://marathon.poznan.pl/en/wp-content/uploads/2014/04/frankiewicz1-1230x820.jpg 1230w" sizes="(max-width: 150px) 100vw, 150px" /></a>
			</dt></dl><dl class='gallery-item'>
			<dt class='gallery-icon landscape'>
				<a href='https://marathon.poznan.pl/en/wp-content/uploads/2014/04/frankiewicz2.jpg'><img width="150" height="100" src="https://marathon.poznan.pl/en/wp-content/uploads/2014/04/frankiewicz2-150x100.jpg" class="attachment-thumbnail size-thumbnail" alt="" decoding="async" loading="lazy" srcset="https://marathon.poznan.pl/en/wp-content/uploads/2014/04/frankiewicz2-150x100.jpg 150w, https://marathon.poznan.pl/en/wp-content/uploads/2014/04/frankiewicz2-2000x1333.jpg 2000w, https://marathon.poznan.pl/en/wp-content/uploads/2014/04/frankiewicz2-1230x820.jpg 1230w" sizes="(max-width: 150px) 100vw, 150px" /></a>
			</dt></dl><dl class='gallery-item'>
			<dt class='gallery-icon landscape'>
				<a href='https://marathon.poznan.pl/en/wp-content/uploads/2014/04/frankiewicz3.jpg'><img width="150" height="100" src="https://marathon.poznan.pl/en/wp-content/uploads/2014/04/frankiewicz3-150x100.jpg" class="attachment-thumbnail size-thumbnail" alt="" decoding="async" loading="lazy" srcset="https://marathon.poznan.pl/en/wp-content/uploads/2014/04/frankiewicz3-150x100.jpg 150w, https://marathon.poznan.pl/en/wp-content/uploads/2014/04/frankiewicz3-2000x1333.jpg 2000w, https://marathon.poznan.pl/en/wp-content/uploads/2014/04/frankiewicz3-1230x820.jpg 1230w" sizes="(max-width: 150px) 100vw, 150px" /></a>
			</dt></dl><dl class='gallery-item'>
			<dt class='gallery-icon portrait'>
				<a href='https://marathon.poznan.pl/en/wp-content/uploads/2014/04/PA152837.jpg'><img width="112" height="150" src="https://marathon.poznan.pl/en/wp-content/uploads/2014/04/PA152837-112x150.jpg" class="attachment-thumbnail size-thumbnail" alt="" decoding="async" loading="lazy" srcset="https://marathon.poznan.pl/en/wp-content/uploads/2014/04/PA152837-112x150.jpg 112w, https://marathon.poznan.pl/en/wp-content/uploads/2014/04/PA152837-1500x2000.jpg 1500w, https://marathon.poznan.pl/en/wp-content/uploads/2014/04/PA152837-1230x1640.jpg 1230w" sizes="(max-width: 112px) 100vw, 112px" /></a>
			</dt></dl><br style="clear: both" />
		</div>

<p>Since the very beginning, Poznań Marathon is in the lead amongst Polish and Eastern European marathons. The race attracts runners, whose ambitious goals and a strength to pursue their dreams, make them above average. A patron of the marathon could become only someone, whose achievements for the city of Poznań were as impressive. Apparently difficult [&hellip;]</p>
