{"id":2339,"date":"2019-06-21T15:46:54","date_gmt":"2019-06-21T13:46:54","guid":{"rendered":"https:\/\/marathon.poznan.pl\/en\/wp-content\/uploads\/2019\/06\/19.PKO-Pozna\u0144-Maraton-fot.-Jakub-Kaczmarczyk.jpg"},"modified":"2019-06-21T15:52:13","modified_gmt":"2019-06-21T13:52:13","slug":"fot-jakub-kaczmarczyk-2","status":"inherit","type":"attachment","link":"https:\/\/marathon.poznan.pl\/en\/fot-jakub-kaczmarczyk-2\/","title":{"rendered":"19.PKO Pozna\u0144 P\u00f3\u0142maraton (fot. Jakub Kaczmarczyk)"},"author":1,"comment_status":"closed","ping_status":"closed","template":"","meta":[],"description":{"rendered":"<p class=\"attachment\"><a href='https:\/\/marathon.poznan.pl\/en\/wp-content\/uploads\/2019\/06\/19.PKO-Pozna\u0144-Maraton-fot.-Jakub-Kaczmarczyk.jpg'><img width=\"1500\" height=\"1000\" src=\"https:\/\/marathon.poznan.pl\/en\/wp-content\/uploads\/2019\/06\/19.PKO-Pozna\u0144-Maraton-fot.-Jakub-Kaczmarczyk.jpg\" class=\"attachment-medium size-medium\" alt=\"\" decoding=\"async\" loading=\"lazy\" srcset=\"https:\/\/marathon.poznan.pl\/en\/wp-content\/uploads\/2019\/06\/19.PKO-Pozna\u0144-Maraton-fot.-Jakub-Kaczmarczyk.jpg 1500w, https:\/\/marathon.poznan.pl\/en\/wp-content\/uploads\/2019\/06\/19.PKO-Pozna\u0144-Maraton-fot.-Jakub-Kaczmarczyk-150x100.jpg 150w, https:\/\/marathon.poznan.pl\/en\/wp-content\/uploads\/2019\/06\/19.PKO-Pozna\u0144-Maraton-fot.-Jakub-Kaczmarczyk-768x512.jpg 768w, https:\/\/marathon.poznan.pl\/en\/wp-content\/uploads\/2019\/06\/19.PKO-Pozna\u0144-Maraton-fot.-Jakub-Kaczmarczyk-1230x820.jpg 1230w\" sizes=\"(max-width: 1500px) 100vw, 1500px\" \/><\/a><\/p>\n"},"caption":{"rendered":""},"alt_text":"","media_type":"image","mime_type":"image\/jpeg","media_details":{"width":1500,"height":1000,"file":"2019\/06\/19.PKO-Pozna\u0144-Maraton-fot.-Jakub-Kaczmarczyk.jpg","sizes":{"thumbnail":{"file":"19.PKO-Pozna\u0144-Maraton-fot.-Jakub-Kaczmarczyk-150x100.jpg","width":150,"height":100,"mime_type":"image\/jpeg","source_url":"https:\/\/marathon.poznan.pl\/en\/wp-content\/uploads\/2019\/06\/19.PKO-Pozna\u0144-Maraton-fot.-Jakub-Kaczmarczyk-150x100.jpg"},"medium_large":{"file":"19.PKO-Pozna\u0144-Maraton-fot.-Jakub-Kaczmarczyk-768x512.jpg","width":768,"height":512,"mime_type":"image\/jpeg","source_url":"https:\/\/marathon.poznan.pl\/en\/wp-content\/uploads\/2019\/06\/19.PKO-Pozna\u0144-Maraton-fot.-Jakub-Kaczmarczyk-768x512.jpg"},"post-thumbnail":{"file":"19.PKO-Pozna\u0144-Maraton-fot.-Jakub-Kaczmarczyk-1230x820.jpg","width":1230,"height":820,"mime_type":"image\/jpeg","source_url":"https:\/\/marathon.poznan.pl\/en\/wp-content\/uploads\/2019\/06\/19.PKO-Pozna\u0144-Maraton-fot.-Jakub-Kaczmarczyk-1230x820.jpg"},"full":{"file":"19.PKO-Pozna\u0144-Maraton-fot.-Jakub-Kaczmarczyk.jpg","width":1500,"height":1000,"mime_type":"image\/jpeg","source_url":"https:\/\/marathon.poznan.pl\/en\/wp-content\/uploads\/2019\/06\/19.PKO-Pozna\u0144-Maraton-fot.-Jakub-Kaczmarczyk.jpg"}},"image_meta":{"aperture":"2.8","credit":"Jakub Kaczmarczyk","camera":"NIKON D5","caption":"Fot. Jakub Kaczmarczyk","created_timestamp":"1539500008","copyright":"Jakub Kaczmarczyk","focal_length":"24","iso":"100","shutter_speed":"0.001","title":"Fot. Jakub Kaczmarczyk","orientation":"0","keywords":[]}},"post":null,"source_url":"https:\/\/marathon.poznan.pl\/en\/wp-content\/uploads\/2019\/06\/19.PKO-Pozna\u0144-Maraton-fot.-Jakub-Kaczmarczyk.jpg","_links":{"self":[{"href":"https:\/\/marathon.poznan.pl\/en\/wp-json\/wp\/v2\/media\/2339"}],"collection":[{"href":"https:\/\/marathon.poznan.pl\/en\/wp-json\/wp\/v2\/media"}],"about":[{"href":"https:\/\/marathon.poznan.pl\/en\/wp-json\/wp\/v2\/types\/attachment"}],"author":[{"embeddable":true,"href":"https:\/\/marathon.poznan.pl\/en\/wp-json\/wp\/v2\/users\/1"}],"replies":[{"embeddable":true,"href":"https:\/\/marathon.poznan.pl\/en\/wp-json\/wp\/v2\/comments?post=2339"}]}}

https://marathon.poznan.pl/en/wp-content/uploads/2019/06/19.PKO-Poznań-Maraton-fot.-Jakub-Kaczmarczyk.jpg

19.PKO Poznań Półmaraton (fot. Jakub Kaczmarczyk)

<p class="attachment"><a href='https://marathon.poznan.pl/en/wp-content/uploads/2019/06/19.PKO-Poznań-Maraton-fot.-Jakub-Kaczmarczyk.jpg'><img width="1500" height="1000" src="https://marathon.poznan.pl/en/wp-content/uploads/2019/06/19.PKO-Poznań-Maraton-fot.-Jakub-Kaczmarczyk.jpg" class="attachment-medium size-medium" alt="" decoding="async" loading="lazy" srcset="https://marathon.poznan.pl/en/wp-content/uploads/2019/06/19.PKO-Poznań-Maraton-fot.-Jakub-Kaczmarczyk.jpg 1500w, https://marathon.poznan.pl/en/wp-content/uploads/2019/06/19.PKO-Poznań-Maraton-fot.-Jakub-Kaczmarczyk-150x100.jpg 150w, https://marathon.poznan.pl/en/wp-content/uploads/2019/06/19.PKO-Poznań-Maraton-fot.-Jakub-Kaczmarczyk-768x512.jpg 768w, https://marathon.poznan.pl/en/wp-content/uploads/2019/06/19.PKO-Poznań-Maraton-fot.-Jakub-Kaczmarczyk-1230x820.jpg 1230w" sizes="(max-width: 1500px) 100vw, 1500px" /></a></p>

2019/06/19.PKO-Poznań-Maraton-fot.-Jakub-Kaczmarczyk.jpg

19.PKO-Poznań-Maraton-fot.-Jakub-Kaczmarczyk-150x100.jpg

https://marathon.poznan.pl/en/wp-content/uploads/2019/06/19.PKO-Poznań-Maraton-fot.-Jakub-Kaczmarczyk-150x100.jpg

19.PKO-Poznań-Maraton-fot.-Jakub-Kaczmarczyk-768x512.jpg

https://marathon.poznan.pl/en/wp-content/uploads/2019/06/19.PKO-Poznań-Maraton-fot.-Jakub-Kaczmarczyk-768x512.jpg

19.PKO-Poznań-Maraton-fot.-Jakub-Kaczmarczyk-1230x820.jpg

https://marathon.poznan.pl/en/wp-content/uploads/2019/06/19.PKO-Poznań-Maraton-fot.-Jakub-Kaczmarczyk-1230x820.jpg

19.PKO-Poznań-Maraton-fot.-Jakub-Kaczmarczyk.jpg
