{"id":2338,"date":"2019-06-21T15:46:53","date_gmt":"2019-06-21T13:46:53","guid":{"rendered":"https:\/\/marathon.poznan.pl\/en\/wp-content\/uploads\/2019\/06\/19.PKO-Pozna\u0144-Maraton-fot.-Jakub-Kaczmarczyk-2.jpg"},"modified":"2019-06-21T15:51:49","modified_gmt":"2019-06-21T13:51:49","slug":"fot-jakub-kaczmarczyk","status":"inherit","type":"attachment","link":"https:\/\/marathon.poznan.pl\/en\/fot-jakub-kaczmarczyk\/","title":{"rendered":"19.PKO Pozna\u0144 P\u00f3\u0142maraton (fot. Jakub Kaczmarczyk)"},"author":1,"comment_status":"closed","ping_status":"closed","template":"","meta":[],"description":{"rendered":"<p class=\"attachment\"><a href='https:\/\/marathon.poznan.pl\/en\/wp-content\/uploads\/2019\/06\/19.PKO-Pozna\u0144-Maraton-fot.-Jakub-Kaczmarczyk-2.jpg'><img width=\"1502\" height=\"1000\" src=\"https:\/\/marathon.poznan.pl\/en\/wp-content\/uploads\/2019\/06\/19.PKO-Pozna\u0144-Maraton-fot.-Jakub-Kaczmarczyk-2.jpg\" class=\"attachment-medium size-medium\" alt=\"19.PKO Pozna\u0144 P\u00f3\u0142maraton (fot. Jakub Kaczmarczyk)\" decoding=\"async\" loading=\"lazy\" srcset=\"https:\/\/marathon.poznan.pl\/en\/wp-content\/uploads\/2019\/06\/19.PKO-Pozna\u0144-Maraton-fot.-Jakub-Kaczmarczyk-2.jpg 1502w, https:\/\/marathon.poznan.pl\/en\/wp-content\/uploads\/2019\/06\/19.PKO-Pozna\u0144-Maraton-fot.-Jakub-Kaczmarczyk-2-150x100.jpg 150w, https:\/\/marathon.poznan.pl\/en\/wp-content\/uploads\/2019\/06\/19.PKO-Pozna\u0144-Maraton-fot.-Jakub-Kaczmarczyk-2-768x511.jpg 768w, https:\/\/marathon.poznan.pl\/en\/wp-content\/uploads\/2019\/06\/19.PKO-Pozna\u0144-Maraton-fot.-Jakub-Kaczmarczyk-2-1230x819.jpg 1230w\" sizes=\"(max-width: 1502px) 100vw, 1502px\" \/><\/a><\/p>\n"},"caption":{"rendered":""},"alt_text":"19.PKO Pozna\u0144 P\u00f3\u0142maraton (fot. Jakub Kaczmarczyk)","media_type":"image","mime_type":"image\/jpeg","media_details":{"width":1502,"height":1000,"file":"2019\/06\/19.PKO-Pozna\u0144-Maraton-fot.-Jakub-Kaczmarczyk-2.jpg","sizes":{"thumbnail":{"file":"19.PKO-Pozna\u0144-Maraton-fot.-Jakub-Kaczmarczyk-2-150x100.jpg","width":150,"height":100,"mime_type":"image\/jpeg","source_url":"https:\/\/marathon.poznan.pl\/en\/wp-content\/uploads\/2019\/06\/19.PKO-Pozna\u0144-Maraton-fot.-Jakub-Kaczmarczyk-2-150x100.jpg"},"medium_large":{"file":"19.PKO-Pozna\u0144-Maraton-fot.-Jakub-Kaczmarczyk-2-768x511.jpg","width":768,"height":511,"mime_type":"image\/jpeg","source_url":"https:\/\/marathon.poznan.pl\/en\/wp-content\/uploads\/2019\/06\/19.PKO-Pozna\u0144-Maraton-fot.-Jakub-Kaczmarczyk-2-768x511.jpg"},"post-thumbnail":{"file":"19.PKO-Pozna\u0144-Maraton-fot.-Jakub-Kaczmarczyk-2-1230x819.jpg","width":1230,"height":819,"mime_type":"image\/jpeg","source_url":"https:\/\/marathon.poznan.pl\/en\/wp-content\/uploads\/2019\/06\/19.PKO-Pozna\u0144-Maraton-fot.-Jakub-Kaczmarczyk-2-1230x819.jpg"},"full":{"file":"19.PKO-Pozna\u0144-Maraton-fot.-Jakub-Kaczmarczyk-2.jpg","width":1502,"height":1000,"mime_type":"image\/jpeg","source_url":"https:\/\/marathon.poznan.pl\/en\/wp-content\/uploads\/2019\/06\/19.PKO-Pozna\u0144-Maraton-fot.-Jakub-Kaczmarczyk-2.jpg"}},"image_meta":{"aperture":"4.5","credit":"Jakub Kaczmarczyk","camera":"NIKON D5","caption":"Fot. Jakub Kaczmarczyk","created_timestamp":"1539505095","copyright":"Jakub Kaczmarczyk","focal_length":"24","iso":"100","shutter_speed":"0.0005","title":"Fot. Jakub Kaczmarczyk","orientation":"0","keywords":[]}},"post":null,"source_url":"https:\/\/marathon.poznan.pl\/en\/wp-content\/uploads\/2019\/06\/19.PKO-Pozna\u0144-Maraton-fot.-Jakub-Kaczmarczyk-2.jpg","_links":{"self":[{"href":"https:\/\/marathon.poznan.pl\/en\/wp-json\/wp\/v2\/media\/2338"}],"collection":[{"href":"https:\/\/marathon.poznan.pl\/en\/wp-json\/wp\/v2\/media"}],"about":[{"href":"https:\/\/marathon.poznan.pl\/en\/wp-json\/wp\/v2\/types\/attachment"}],"author":[{"embeddable":true,"href":"https:\/\/marathon.poznan.pl\/en\/wp-json\/wp\/v2\/users\/1"}],"replies":[{"embeddable":true,"href":"https:\/\/marathon.poznan.pl\/en\/wp-json\/wp\/v2\/comments?post=2338"}]}}

https://marathon.poznan.pl/en/wp-content/uploads/2019/06/19.PKO-Poznań-Maraton-fot.-Jakub-Kaczmarczyk-2.jpg

19.PKO Poznań Półmaraton (fot. Jakub Kaczmarczyk)

<p class="attachment"><a href='https://marathon.poznan.pl/en/wp-content/uploads/2019/06/19.PKO-Poznań-Maraton-fot.-Jakub-Kaczmarczyk-2.jpg'><img width="1502" height="1000" src="https://marathon.poznan.pl/en/wp-content/uploads/2019/06/19.PKO-Poznań-Maraton-fot.-Jakub-Kaczmarczyk-2.jpg" class="attachment-medium size-medium" alt="19.PKO Poznań Półmaraton (fot. Jakub Kaczmarczyk)" decoding="async" loading="lazy" srcset="https://marathon.poznan.pl/en/wp-content/uploads/2019/06/19.PKO-Poznań-Maraton-fot.-Jakub-Kaczmarczyk-2.jpg 1502w, https://marathon.poznan.pl/en/wp-content/uploads/2019/06/19.PKO-Poznań-Maraton-fot.-Jakub-Kaczmarczyk-2-150x100.jpg 150w, https://marathon.poznan.pl/en/wp-content/uploads/2019/06/19.PKO-Poznań-Maraton-fot.-Jakub-Kaczmarczyk-2-768x511.jpg 768w, https://marathon.poznan.pl/en/wp-content/uploads/2019/06/19.PKO-Poznań-Maraton-fot.-Jakub-Kaczmarczyk-2-1230x819.jpg 1230w" sizes="(max-width: 1502px) 100vw, 1502px" /></a></p>

2019/06/19.PKO-Poznań-Maraton-fot.-Jakub-Kaczmarczyk-2.jpg

19.PKO-Poznań-Maraton-fot.-Jakub-Kaczmarczyk-2-150x100.jpg

https://marathon.poznan.pl/en/wp-content/uploads/2019/06/19.PKO-Poznań-Maraton-fot.-Jakub-Kaczmarczyk-2-150x100.jpg

19.PKO-Poznań-Maraton-fot.-Jakub-Kaczmarczyk-2-768x511.jpg

https://marathon.poznan.pl/en/wp-content/uploads/2019/06/19.PKO-Poznań-Maraton-fot.-Jakub-Kaczmarczyk-2-768x511.jpg

19.PKO-Poznań-Maraton-fot.-Jakub-Kaczmarczyk-2-1230x819.jpg

https://marathon.poznan.pl/en/wp-content/uploads/2019/06/19.PKO-Poznań-Maraton-fot.-Jakub-Kaczmarczyk-2-1230x819.jpg

19.PKO-Poznań-Maraton-fot.-Jakub-Kaczmarczyk-2.jpg
