{"id":2337,"date":"2019-06-21T15:46:52","date_gmt":"2019-06-21T13:46:52","guid":{"rendered":"https:\/\/marathon.poznan.pl\/en\/wp-content\/uploads\/2019\/06\/19.PKO-Pozna\u0144-Maraton-fot.-Adam-Ciereszko.jpg"},"modified":"2019-06-21T15:51:33","modified_gmt":"2019-06-21T13:51:33","slug":"19-pko-poznan-maraton-fot-adam-ciereszko","status":"inherit","type":"attachment","link":"https:\/\/marathon.poznan.pl\/en\/19-pko-poznan-maraton-fot-adam-ciereszko\/","title":{"rendered":"19.PKO Pozna\u0144 P\u00f3\u0142maraton (fot. Adam Ciereszko)"},"author":1,"comment_status":"closed","ping_status":"closed","template":"","meta":[],"description":{"rendered":"<p class=\"attachment\"><a href='https:\/\/marathon.poznan.pl\/en\/wp-content\/uploads\/2019\/06\/19.PKO-Pozna\u0144-Maraton-fot.-Adam-Ciereszko.jpg'><img width=\"1500\" height=\"1000\" src=\"https:\/\/marathon.poznan.pl\/en\/wp-content\/uploads\/2019\/06\/19.PKO-Pozna\u0144-Maraton-fot.-Adam-Ciereszko.jpg\" class=\"attachment-medium size-medium\" alt=\"19.PKO Pozna\u0144 P\u00f3\u0142maraton (fot. Adam Ciereszko)\" decoding=\"async\" loading=\"lazy\" srcset=\"https:\/\/marathon.poznan.pl\/en\/wp-content\/uploads\/2019\/06\/19.PKO-Pozna\u0144-Maraton-fot.-Adam-Ciereszko.jpg 1500w, https:\/\/marathon.poznan.pl\/en\/wp-content\/uploads\/2019\/06\/19.PKO-Pozna\u0144-Maraton-fot.-Adam-Ciereszko-150x100.jpg 150w, https:\/\/marathon.poznan.pl\/en\/wp-content\/uploads\/2019\/06\/19.PKO-Pozna\u0144-Maraton-fot.-Adam-Ciereszko-768x512.jpg 768w, https:\/\/marathon.poznan.pl\/en\/wp-content\/uploads\/2019\/06\/19.PKO-Pozna\u0144-Maraton-fot.-Adam-Ciereszko-1230x820.jpg 1230w\" sizes=\"(max-width: 1500px) 100vw, 1500px\" \/><\/a><\/p>\n"},"caption":{"rendered":""},"alt_text":"19.PKO Pozna\u0144 P\u00f3\u0142maraton (fot. Adam Ciereszko)","media_type":"image","mime_type":"image\/jpeg","media_details":{"width":1500,"height":1000,"file":"2019\/06\/19.PKO-Pozna\u0144-Maraton-fot.-Adam-Ciereszko.jpg","sizes":{"thumbnail":{"file":"19.PKO-Pozna\u0144-Maraton-fot.-Adam-Ciereszko-150x100.jpg","width":150,"height":100,"mime_type":"image\/jpeg","source_url":"https:\/\/marathon.poznan.pl\/en\/wp-content\/uploads\/2019\/06\/19.PKO-Pozna\u0144-Maraton-fot.-Adam-Ciereszko-150x100.jpg"},"medium_large":{"file":"19.PKO-Pozna\u0144-Maraton-fot.-Adam-Ciereszko-768x512.jpg","width":768,"height":512,"mime_type":"image\/jpeg","source_url":"https:\/\/marathon.poznan.pl\/en\/wp-content\/uploads\/2019\/06\/19.PKO-Pozna\u0144-Maraton-fot.-Adam-Ciereszko-768x512.jpg"},"post-thumbnail":{"file":"19.PKO-Pozna\u0144-Maraton-fot.-Adam-Ciereszko-1230x820.jpg","width":1230,"height":820,"mime_type":"image\/jpeg","source_url":"https:\/\/marathon.poznan.pl\/en\/wp-content\/uploads\/2019\/06\/19.PKO-Pozna\u0144-Maraton-fot.-Adam-Ciereszko-1230x820.jpg"},"full":{"file":"19.PKO-Pozna\u0144-Maraton-fot.-Adam-Ciereszko.jpg","width":1500,"height":1000,"mime_type":"image\/jpeg","source_url":"https:\/\/marathon.poznan.pl\/en\/wp-content\/uploads\/2019\/06\/19.PKO-Pozna\u0144-Maraton-fot.-Adam-Ciereszko.jpg"}},"image_meta":{"aperture":"2.8","credit":"Adam Ciereszko","camera":"Canon EOS 5D Mark IV","caption":"","created_timestamp":"1539442145","copyright":"Adam Cereszko","focal_length":"85","iso":"4000","shutter_speed":"0.003125","title":"","orientation":"0","keywords":[]}},"post":null,"source_url":"https:\/\/marathon.poznan.pl\/en\/wp-content\/uploads\/2019\/06\/19.PKO-Pozna\u0144-Maraton-fot.-Adam-Ciereszko.jpg","_links":{"self":[{"href":"https:\/\/marathon.poznan.pl\/en\/wp-json\/wp\/v2\/media\/2337"}],"collection":[{"href":"https:\/\/marathon.poznan.pl\/en\/wp-json\/wp\/v2\/media"}],"about":[{"href":"https:\/\/marathon.poznan.pl\/en\/wp-json\/wp\/v2\/types\/attachment"}],"author":[{"embeddable":true,"href":"https:\/\/marathon.poznan.pl\/en\/wp-json\/wp\/v2\/users\/1"}],"replies":[{"embeddable":true,"href":"https:\/\/marathon.poznan.pl\/en\/wp-json\/wp\/v2\/comments?post=2337"}]}}

https://marathon.poznan.pl/en/wp-content/uploads/2019/06/19.PKO-Poznań-Maraton-fot.-Adam-Ciereszko.jpg

19.PKO Poznań Półmaraton (fot. Adam Ciereszko)

<p class="attachment"><a href='https://marathon.poznan.pl/en/wp-content/uploads/2019/06/19.PKO-Poznań-Maraton-fot.-Adam-Ciereszko.jpg'><img width="1500" height="1000" src="https://marathon.poznan.pl/en/wp-content/uploads/2019/06/19.PKO-Poznań-Maraton-fot.-Adam-Ciereszko.jpg" class="attachment-medium size-medium" alt="19.PKO Poznań Półmaraton (fot. Adam Ciereszko)" decoding="async" loading="lazy" srcset="https://marathon.poznan.pl/en/wp-content/uploads/2019/06/19.PKO-Poznań-Maraton-fot.-Adam-Ciereszko.jpg 1500w, https://marathon.poznan.pl/en/wp-content/uploads/2019/06/19.PKO-Poznań-Maraton-fot.-Adam-Ciereszko-150x100.jpg 150w, https://marathon.poznan.pl/en/wp-content/uploads/2019/06/19.PKO-Poznań-Maraton-fot.-Adam-Ciereszko-768x512.jpg 768w, https://marathon.poznan.pl/en/wp-content/uploads/2019/06/19.PKO-Poznań-Maraton-fot.-Adam-Ciereszko-1230x820.jpg 1230w" sizes="(max-width: 1500px) 100vw, 1500px" /></a></p>

2019/06/19.PKO-Poznań-Maraton-fot.-Adam-Ciereszko.jpg

19.PKO-Poznań-Maraton-fot.-Adam-Ciereszko-150x100.jpg

https://marathon.poznan.pl/en/wp-content/uploads/2019/06/19.PKO-Poznań-Maraton-fot.-Adam-Ciereszko-150x100.jpg

19.PKO-Poznań-Maraton-fot.-Adam-Ciereszko-768x512.jpg

https://marathon.poznan.pl/en/wp-content/uploads/2019/06/19.PKO-Poznań-Maraton-fot.-Adam-Ciereszko-768x512.jpg

19.PKO-Poznań-Maraton-fot.-Adam-Ciereszko-1230x820.jpg

https://marathon.poznan.pl/en/wp-content/uploads/2019/06/19.PKO-Poznań-Maraton-fot.-Adam-Ciereszko-1230x820.jpg

19.PKO-Poznań-Maraton-fot.-Adam-Ciereszko.jpg
