{"id":2336,"date":"2019-06-21T15:46:51","date_gmt":"2019-06-21T13:46:51","guid":{"rendered":"https:\/\/marathon.poznan.pl\/en\/wp-content\/uploads\/2019\/06\/18.PKO-Pozna\u0144-Maraton-fot.-Przemys\u0142aw-Szyszka.jpg"},"modified":"2019-06-21T15:51:14","modified_gmt":"2019-06-21T13:51:14","slug":"photo-przemyslaw-szyszkapoznan-18-pko-poznan-maraton15-10-2017","status":"inherit","type":"attachment","link":"https:\/\/marathon.poznan.pl\/en\/photo-przemyslaw-szyszkapoznan-18-pko-poznan-maraton15-10-2017\/","title":{"rendered":"18.PKO Pozna\u0144 P\u00f3\u0142maraton (fot. Przemys\u0142aw Szyszka)"},"author":1,"comment_status":"closed","ping_status":"closed","template":"","meta":[],"description":{"rendered":"<p class=\"attachment\"><a href='https:\/\/marathon.poznan.pl\/en\/wp-content\/uploads\/2019\/06\/18.PKO-Pozna\u0144-Maraton-fot.-Przemys\u0142aw-Szyszka.jpg'><img width=\"1500\" height=\"1000\" src=\"https:\/\/marathon.poznan.pl\/en\/wp-content\/uploads\/2019\/06\/18.PKO-Pozna\u0144-Maraton-fot.-Przemys\u0142aw-Szyszka.jpg\" class=\"attachment-medium size-medium\" alt=\"18.PKO Pozna\u0144 P\u00f3\u0142maraton (fot. Przemys\u0142aw Szyszka)\" decoding=\"async\" loading=\"lazy\" srcset=\"https:\/\/marathon.poznan.pl\/en\/wp-content\/uploads\/2019\/06\/18.PKO-Pozna\u0144-Maraton-fot.-Przemys\u0142aw-Szyszka.jpg 1500w, https:\/\/marathon.poznan.pl\/en\/wp-content\/uploads\/2019\/06\/18.PKO-Pozna\u0144-Maraton-fot.-Przemys\u0142aw-Szyszka-150x100.jpg 150w, https:\/\/marathon.poznan.pl\/en\/wp-content\/uploads\/2019\/06\/18.PKO-Pozna\u0144-Maraton-fot.-Przemys\u0142aw-Szyszka-768x512.jpg 768w, https:\/\/marathon.poznan.pl\/en\/wp-content\/uploads\/2019\/06\/18.PKO-Pozna\u0144-Maraton-fot.-Przemys\u0142aw-Szyszka-1230x820.jpg 1230w\" sizes=\"(max-width: 1500px) 100vw, 1500px\" \/><\/a><\/p>\n"},"caption":{"rendered":""},"alt_text":"18.PKO Pozna\u0144 P\u00f3\u0142maraton (fot. Przemys\u0142aw Szyszka)","media_type":"image","mime_type":"image\/jpeg","media_details":{"width":1500,"height":1000,"file":"2019\/06\/18.PKO-Pozna\u0144-Maraton-fot.-Przemys\u0142aw-Szyszka.jpg","sizes":{"thumbnail":{"file":"18.PKO-Pozna\u0144-Maraton-fot.-Przemys\u0142aw-Szyszka-150x100.jpg","width":150,"height":100,"mime_type":"image\/jpeg","source_url":"https:\/\/marathon.poznan.pl\/en\/wp-content\/uploads\/2019\/06\/18.PKO-Pozna\u0144-Maraton-fot.-Przemys\u0142aw-Szyszka-150x100.jpg"},"medium_large":{"file":"18.PKO-Pozna\u0144-Maraton-fot.-Przemys\u0142aw-Szyszka-768x512.jpg","width":768,"height":512,"mime_type":"image\/jpeg","source_url":"https:\/\/marathon.poznan.pl\/en\/wp-content\/uploads\/2019\/06\/18.PKO-Pozna\u0144-Maraton-fot.-Przemys\u0142aw-Szyszka-768x512.jpg"},"post-thumbnail":{"file":"18.PKO-Pozna\u0144-Maraton-fot.-Przemys\u0142aw-Szyszka-1230x820.jpg","width":1230,"height":820,"mime_type":"image\/jpeg","source_url":"https:\/\/marathon.poznan.pl\/en\/wp-content\/uploads\/2019\/06\/18.PKO-Pozna\u0144-Maraton-fot.-Przemys\u0142aw-Szyszka-1230x820.jpg"},"full":{"file":"18.PKO-Pozna\u0144-Maraton-fot.-Przemys\u0142aw-Szyszka.jpg","width":1500,"height":1000,"mime_type":"image\/jpeg","source_url":"https:\/\/marathon.poznan.pl\/en\/wp-content\/uploads\/2019\/06\/18.PKO-Pozna\u0144-Maraton-fot.-Przemys\u0142aw-Szyszka.jpg"}},"image_meta":{"aperture":"0","credit":"PRZEMYSLAW SZYSZKA","camera":"","caption":"PHOTO PRZEMYSLAW SZYSZKA\rPOZNAN, 18. PKO POZNAN MARATON\r15\/10\/2017","created_timestamp":"1508066852","copyright":"PRZEMYSLAW SZYSZKA","focal_length":"0","iso":"0","shutter_speed":"0","title":"PHOTO PRZEMYSLAW SZYSZKA\rPOZNAN, 18. PKO POZNAN MARATON\r15\/10\/2017","orientation":"0","keywords":[]}},"post":null,"source_url":"https:\/\/marathon.poznan.pl\/en\/wp-content\/uploads\/2019\/06\/18.PKO-Pozna\u0144-Maraton-fot.-Przemys\u0142aw-Szyszka.jpg","_links":{"self":[{"href":"https:\/\/marathon.poznan.pl\/en\/wp-json\/wp\/v2\/media\/2336"}],"collection":[{"href":"https:\/\/marathon.poznan.pl\/en\/wp-json\/wp\/v2\/media"}],"about":[{"href":"https:\/\/marathon.poznan.pl\/en\/wp-json\/wp\/v2\/types\/attachment"}],"author":[{"embeddable":true,"href":"https:\/\/marathon.poznan.pl\/en\/wp-json\/wp\/v2\/users\/1"}],"replies":[{"embeddable":true,"href":"https:\/\/marathon.poznan.pl\/en\/wp-json\/wp\/v2\/comments?post=2336"}]}}

https://marathon.poznan.pl/en/wp-content/uploads/2019/06/18.PKO-Poznań-Maraton-fot.-Przemysław-Szyszka.jpg

18.PKO Poznań Półmaraton (fot. Przemysław Szyszka)

<p class="attachment"><a href='https://marathon.poznan.pl/en/wp-content/uploads/2019/06/18.PKO-Poznań-Maraton-fot.-Przemysław-Szyszka.jpg'><img width="1500" height="1000" src="https://marathon.poznan.pl/en/wp-content/uploads/2019/06/18.PKO-Poznań-Maraton-fot.-Przemysław-Szyszka.jpg" class="attachment-medium size-medium" alt="18.PKO Poznań Półmaraton (fot. Przemysław Szyszka)" decoding="async" loading="lazy" srcset="https://marathon.poznan.pl/en/wp-content/uploads/2019/06/18.PKO-Poznań-Maraton-fot.-Przemysław-Szyszka.jpg 1500w, https://marathon.poznan.pl/en/wp-content/uploads/2019/06/18.PKO-Poznań-Maraton-fot.-Przemysław-Szyszka-150x100.jpg 150w, https://marathon.poznan.pl/en/wp-content/uploads/2019/06/18.PKO-Poznań-Maraton-fot.-Przemysław-Szyszka-768x512.jpg 768w, https://marathon.poznan.pl/en/wp-content/uploads/2019/06/18.PKO-Poznań-Maraton-fot.-Przemysław-Szyszka-1230x820.jpg 1230w" sizes="(max-width: 1500px) 100vw, 1500px" /></a></p>

2019/06/18.PKO-Poznań-Maraton-fot.-Przemysław-Szyszka.jpg

18.PKO-Poznań-Maraton-fot.-Przemysław-Szyszka-150x100.jpg

https://marathon.poznan.pl/en/wp-content/uploads/2019/06/18.PKO-Poznań-Maraton-fot.-Przemysław-Szyszka-150x100.jpg

18.PKO-Poznań-Maraton-fot.-Przemysław-Szyszka-768x512.jpg

https://marathon.poznan.pl/en/wp-content/uploads/2019/06/18.PKO-Poznań-Maraton-fot.-Przemysław-Szyszka-768x512.jpg

18.PKO-Poznań-Maraton-fot.-Przemysław-Szyszka-1230x820.jpg

https://marathon.poznan.pl/en/wp-content/uploads/2019/06/18.PKO-Poznań-Maraton-fot.-Przemysław-Szyszka-1230x820.jpg

18.PKO-Poznań-Maraton-fot.-Przemysław-Szyszka.jpg
