{"id":2335,"date":"2019-06-21T15:46:50","date_gmt":"2019-06-21T13:46:50","guid":{"rendered":"https:\/\/marathon.poznan.pl\/en\/wp-content\/uploads\/2019\/06\/18.PKO-Pozna\u0144-Maraton-fot.-Jakub-Kaczmarczyk.jpg"},"modified":"2019-06-21T15:50:54","modified_gmt":"2019-06-21T13:50:54","slug":"18-pko-poznan-maraton-fot-jakub-kaczmarczyk","status":"inherit","type":"attachment","link":"https:\/\/marathon.poznan.pl\/en\/18-pko-poznan-maraton-fot-jakub-kaczmarczyk\/","title":{"rendered":"18.PKO Pozna\u0144 P\u00f3\u0142maraton (fot. Jakub Kaczmarczyk)"},"author":1,"comment_status":"closed","ping_status":"closed","template":"","meta":[],"description":{"rendered":"<p class=\"attachment\"><a href='https:\/\/marathon.poznan.pl\/en\/wp-content\/uploads\/2019\/06\/18.PKO-Pozna\u0144-Maraton-fot.-Jakub-Kaczmarczyk.jpg'><img width=\"1501\" height=\"1000\" src=\"https:\/\/marathon.poznan.pl\/en\/wp-content\/uploads\/2019\/06\/18.PKO-Pozna\u0144-Maraton-fot.-Jakub-Kaczmarczyk.jpg\" class=\"attachment-medium size-medium\" alt=\"18.PKO Pozna\u0144 P\u00f3\u0142maraton (fot. Jakub Kaczmarczyk)\" decoding=\"async\" loading=\"lazy\" srcset=\"https:\/\/marathon.poznan.pl\/en\/wp-content\/uploads\/2019\/06\/18.PKO-Pozna\u0144-Maraton-fot.-Jakub-Kaczmarczyk.jpg 1501w, https:\/\/marathon.poznan.pl\/en\/wp-content\/uploads\/2019\/06\/18.PKO-Pozna\u0144-Maraton-fot.-Jakub-Kaczmarczyk-150x100.jpg 150w, https:\/\/marathon.poznan.pl\/en\/wp-content\/uploads\/2019\/06\/18.PKO-Pozna\u0144-Maraton-fot.-Jakub-Kaczmarczyk-768x512.jpg 768w, https:\/\/marathon.poznan.pl\/en\/wp-content\/uploads\/2019\/06\/18.PKO-Pozna\u0144-Maraton-fot.-Jakub-Kaczmarczyk-1230x819.jpg 1230w\" sizes=\"(max-width: 1501px) 100vw, 1501px\" \/><\/a><\/p>\n"},"caption":{"rendered":""},"alt_text":"18.PKO Pozna\u0144 P\u00f3\u0142maraton (fot. Jakub Kaczmarczyk)","media_type":"image","mime_type":"image\/jpeg","media_details":{"width":1501,"height":1000,"file":"2019\/06\/18.PKO-Pozna\u0144-Maraton-fot.-Jakub-Kaczmarczyk.jpg","sizes":{"thumbnail":{"file":"18.PKO-Pozna\u0144-Maraton-fot.-Jakub-Kaczmarczyk-150x100.jpg","width":150,"height":100,"mime_type":"image\/jpeg","source_url":"https:\/\/marathon.poznan.pl\/en\/wp-content\/uploads\/2019\/06\/18.PKO-Pozna\u0144-Maraton-fot.-Jakub-Kaczmarczyk-150x100.jpg"},"medium_large":{"file":"18.PKO-Pozna\u0144-Maraton-fot.-Jakub-Kaczmarczyk-768x512.jpg","width":768,"height":512,"mime_type":"image\/jpeg","source_url":"https:\/\/marathon.poznan.pl\/en\/wp-content\/uploads\/2019\/06\/18.PKO-Pozna\u0144-Maraton-fot.-Jakub-Kaczmarczyk-768x512.jpg"},"post-thumbnail":{"file":"18.PKO-Pozna\u0144-Maraton-fot.-Jakub-Kaczmarczyk-1230x819.jpg","width":1230,"height":819,"mime_type":"image\/jpeg","source_url":"https:\/\/marathon.poznan.pl\/en\/wp-content\/uploads\/2019\/06\/18.PKO-Pozna\u0144-Maraton-fot.-Jakub-Kaczmarczyk-1230x819.jpg"},"full":{"file":"18.PKO-Pozna\u0144-Maraton-fot.-Jakub-Kaczmarczyk.jpg","width":1501,"height":1000,"mime_type":"image\/jpeg","source_url":"https:\/\/marathon.poznan.pl\/en\/wp-content\/uploads\/2019\/06\/18.PKO-Pozna\u0144-Maraton-fot.-Jakub-Kaczmarczyk.jpg"}},"image_meta":{"aperture":"0","credit":"","camera":"","caption":"","created_timestamp":"1508065475","copyright":"","focal_length":"0","iso":"0","shutter_speed":"0","title":"","orientation":"0","keywords":[]}},"post":null,"source_url":"https:\/\/marathon.poznan.pl\/en\/wp-content\/uploads\/2019\/06\/18.PKO-Pozna\u0144-Maraton-fot.-Jakub-Kaczmarczyk.jpg","_links":{"self":[{"href":"https:\/\/marathon.poznan.pl\/en\/wp-json\/wp\/v2\/media\/2335"}],"collection":[{"href":"https:\/\/marathon.poznan.pl\/en\/wp-json\/wp\/v2\/media"}],"about":[{"href":"https:\/\/marathon.poznan.pl\/en\/wp-json\/wp\/v2\/types\/attachment"}],"author":[{"embeddable":true,"href":"https:\/\/marathon.poznan.pl\/en\/wp-json\/wp\/v2\/users\/1"}],"replies":[{"embeddable":true,"href":"https:\/\/marathon.poznan.pl\/en\/wp-json\/wp\/v2\/comments?post=2335"}]}}

https://marathon.poznan.pl/en/wp-content/uploads/2019/06/18.PKO-Poznań-Maraton-fot.-Jakub-Kaczmarczyk.jpg

18.PKO Poznań Półmaraton (fot. Jakub Kaczmarczyk)

<p class="attachment"><a href='https://marathon.poznan.pl/en/wp-content/uploads/2019/06/18.PKO-Poznań-Maraton-fot.-Jakub-Kaczmarczyk.jpg'><img width="1501" height="1000" src="https://marathon.poznan.pl/en/wp-content/uploads/2019/06/18.PKO-Poznań-Maraton-fot.-Jakub-Kaczmarczyk.jpg" class="attachment-medium size-medium" alt="18.PKO Poznań Półmaraton (fot. Jakub Kaczmarczyk)" decoding="async" loading="lazy" srcset="https://marathon.poznan.pl/en/wp-content/uploads/2019/06/18.PKO-Poznań-Maraton-fot.-Jakub-Kaczmarczyk.jpg 1501w, https://marathon.poznan.pl/en/wp-content/uploads/2019/06/18.PKO-Poznań-Maraton-fot.-Jakub-Kaczmarczyk-150x100.jpg 150w, https://marathon.poznan.pl/en/wp-content/uploads/2019/06/18.PKO-Poznań-Maraton-fot.-Jakub-Kaczmarczyk-768x512.jpg 768w, https://marathon.poznan.pl/en/wp-content/uploads/2019/06/18.PKO-Poznań-Maraton-fot.-Jakub-Kaczmarczyk-1230x819.jpg 1230w" sizes="(max-width: 1501px) 100vw, 1501px" /></a></p>

2019/06/18.PKO-Poznań-Maraton-fot.-Jakub-Kaczmarczyk.jpg

18.PKO-Poznań-Maraton-fot.-Jakub-Kaczmarczyk-150x100.jpg

https://marathon.poznan.pl/en/wp-content/uploads/2019/06/18.PKO-Poznań-Maraton-fot.-Jakub-Kaczmarczyk-150x100.jpg

18.PKO-Poznań-Maraton-fot.-Jakub-Kaczmarczyk-768x512.jpg

https://marathon.poznan.pl/en/wp-content/uploads/2019/06/18.PKO-Poznań-Maraton-fot.-Jakub-Kaczmarczyk-768x512.jpg

18.PKO-Poznań-Maraton-fot.-Jakub-Kaczmarczyk-1230x819.jpg

https://marathon.poznan.pl/en/wp-content/uploads/2019/06/18.PKO-Poznań-Maraton-fot.-Jakub-Kaczmarczyk-1230x819.jpg

18.PKO-Poznań-Maraton-fot.-Jakub-Kaczmarczyk.jpg
