{"id":2333,"date":"2019-06-21T15:46:49","date_gmt":"2019-06-21T13:46:49","guid":{"rendered":"https:\/\/marathon.poznan.pl\/en\/wp-content\/uploads\/2019\/06\/18.PKO-Pozna\u0144-Maraton-fot.-Dorota-\u015awiderska.jpg"},"modified":"2019-06-21T15:50:33","modified_gmt":"2019-06-21T13:50:33","slug":"18-pko-poznan-maraton-fot-dorota-swiderska","status":"inherit","type":"attachment","link":"https:\/\/marathon.poznan.pl\/en\/18-pko-poznan-maraton-fot-dorota-swiderska\/","title":{"rendered":"18.PKO Pozna\u0144 P\u00f3\u0142maraton (fot. Dorota \u015awiderska)"},"author":1,"comment_status":"closed","ping_status":"closed","template":"","meta":[],"description":{"rendered":"<p class=\"attachment\"><a href='https:\/\/marathon.poznan.pl\/en\/wp-content\/uploads\/2019\/06\/18.PKO-Pozna\u0144-Maraton-fot.-Dorota-\u015awiderska.jpg'><img width=\"1500\" height=\"1000\" src=\"https:\/\/marathon.poznan.pl\/en\/wp-content\/uploads\/2019\/06\/18.PKO-Pozna\u0144-Maraton-fot.-Dorota-\u015awiderska.jpg\" class=\"attachment-medium size-medium\" alt=\"18.PKO Pozna\u0144 P\u00f3\u0142maraton (fot. Dorota \u015awiderska)\" decoding=\"async\" loading=\"lazy\" srcset=\"https:\/\/marathon.poznan.pl\/en\/wp-content\/uploads\/2019\/06\/18.PKO-Pozna\u0144-Maraton-fot.-Dorota-\u015awiderska.jpg 1500w, https:\/\/marathon.poznan.pl\/en\/wp-content\/uploads\/2019\/06\/18.PKO-Pozna\u0144-Maraton-fot.-Dorota-\u015awiderska-150x100.jpg 150w, https:\/\/marathon.poznan.pl\/en\/wp-content\/uploads\/2019\/06\/18.PKO-Pozna\u0144-Maraton-fot.-Dorota-\u015awiderska-768x512.jpg 768w, https:\/\/marathon.poznan.pl\/en\/wp-content\/uploads\/2019\/06\/18.PKO-Pozna\u0144-Maraton-fot.-Dorota-\u015awiderska-1230x820.jpg 1230w\" sizes=\"(max-width: 1500px) 100vw, 1500px\" \/><\/a><\/p>\n"},"caption":{"rendered":""},"alt_text":"18.PKO Pozna\u0144 P\u00f3\u0142maraton (fot. Dorota \u015awiderska)","media_type":"image","mime_type":"image\/jpeg","media_details":{"width":1500,"height":1000,"file":"2019\/06\/18.PKO-Pozna\u0144-Maraton-fot.-Dorota-\u015awiderska.jpg","sizes":{"thumbnail":{"file":"18.PKO-Pozna\u0144-Maraton-fot.-Dorota-\u015awiderska-150x100.jpg","width":150,"height":100,"mime_type":"image\/jpeg","source_url":"https:\/\/marathon.poznan.pl\/en\/wp-content\/uploads\/2019\/06\/18.PKO-Pozna\u0144-Maraton-fot.-Dorota-\u015awiderska-150x100.jpg"},"medium_large":{"file":"18.PKO-Pozna\u0144-Maraton-fot.-Dorota-\u015awiderska-768x512.jpg","width":768,"height":512,"mime_type":"image\/jpeg","source_url":"https:\/\/marathon.poznan.pl\/en\/wp-content\/uploads\/2019\/06\/18.PKO-Pozna\u0144-Maraton-fot.-Dorota-\u015awiderska-768x512.jpg"},"post-thumbnail":{"file":"18.PKO-Pozna\u0144-Maraton-fot.-Dorota-\u015awiderska-1230x820.jpg","width":1230,"height":820,"mime_type":"image\/jpeg","source_url":"https:\/\/marathon.poznan.pl\/en\/wp-content\/uploads\/2019\/06\/18.PKO-Pozna\u0144-Maraton-fot.-Dorota-\u015awiderska-1230x820.jpg"},"full":{"file":"18.PKO-Pozna\u0144-Maraton-fot.-Dorota-\u015awiderska.jpg","width":1500,"height":1000,"mime_type":"image\/jpeg","source_url":"https:\/\/marathon.poznan.pl\/en\/wp-content\/uploads\/2019\/06\/18.PKO-Pozna\u0144-Maraton-fot.-Dorota-\u015awiderska.jpg"}},"image_meta":{"aperture":"5","credit":"","camera":"Canon EOS 60D","caption":"","created_timestamp":"1508070540","copyright":"","focal_length":"200","iso":"0","shutter_speed":"0.0005","title":"","orientation":"1","keywords":[]}},"post":null,"source_url":"https:\/\/marathon.poznan.pl\/en\/wp-content\/uploads\/2019\/06\/18.PKO-Pozna\u0144-Maraton-fot.-Dorota-\u015awiderska.jpg","_links":{"self":[{"href":"https:\/\/marathon.poznan.pl\/en\/wp-json\/wp\/v2\/media\/2333"}],"collection":[{"href":"https:\/\/marathon.poznan.pl\/en\/wp-json\/wp\/v2\/media"}],"about":[{"href":"https:\/\/marathon.poznan.pl\/en\/wp-json\/wp\/v2\/types\/attachment"}],"author":[{"embeddable":true,"href":"https:\/\/marathon.poznan.pl\/en\/wp-json\/wp\/v2\/users\/1"}],"replies":[{"embeddable":true,"href":"https:\/\/marathon.poznan.pl\/en\/wp-json\/wp\/v2\/comments?post=2333"}]}}

https://marathon.poznan.pl/en/wp-content/uploads/2019/06/18.PKO-Poznań-Maraton-fot.-Dorota-Świderska.jpg

18.PKO Poznań Półmaraton (fot. Dorota Świderska)

<p class="attachment"><a href='https://marathon.poznan.pl/en/wp-content/uploads/2019/06/18.PKO-Poznań-Maraton-fot.-Dorota-Świderska.jpg'><img width="1500" height="1000" src="https://marathon.poznan.pl/en/wp-content/uploads/2019/06/18.PKO-Poznań-Maraton-fot.-Dorota-Świderska.jpg" class="attachment-medium size-medium" alt="18.PKO Poznań Półmaraton (fot. Dorota Świderska)" decoding="async" loading="lazy" srcset="https://marathon.poznan.pl/en/wp-content/uploads/2019/06/18.PKO-Poznań-Maraton-fot.-Dorota-Świderska.jpg 1500w, https://marathon.poznan.pl/en/wp-content/uploads/2019/06/18.PKO-Poznań-Maraton-fot.-Dorota-Świderska-150x100.jpg 150w, https://marathon.poznan.pl/en/wp-content/uploads/2019/06/18.PKO-Poznań-Maraton-fot.-Dorota-Świderska-768x512.jpg 768w, https://marathon.poznan.pl/en/wp-content/uploads/2019/06/18.PKO-Poznań-Maraton-fot.-Dorota-Świderska-1230x820.jpg 1230w" sizes="(max-width: 1500px) 100vw, 1500px" /></a></p>

2019/06/18.PKO-Poznań-Maraton-fot.-Dorota-Świderska.jpg

18.PKO-Poznań-Maraton-fot.-Dorota-Świderska-150x100.jpg

https://marathon.poznan.pl/en/wp-content/uploads/2019/06/18.PKO-Poznań-Maraton-fot.-Dorota-Świderska-150x100.jpg

18.PKO-Poznań-Maraton-fot.-Dorota-Świderska-768x512.jpg

https://marathon.poznan.pl/en/wp-content/uploads/2019/06/18.PKO-Poznań-Maraton-fot.-Dorota-Świderska-768x512.jpg

18.PKO-Poznań-Maraton-fot.-Dorota-Świderska-1230x820.jpg

https://marathon.poznan.pl/en/wp-content/uploads/2019/06/18.PKO-Poznań-Maraton-fot.-Dorota-Świderska-1230x820.jpg

18.PKO-Poznań-Maraton-fot.-Dorota-Świderska.jpg
