{"id":2330,"date":"2019-06-21T15:46:46","date_gmt":"2019-06-21T13:46:46","guid":{"rendered":"https:\/\/marathon.poznan.pl\/en\/wp-content\/uploads\/2019\/06\/17.PKO-Pozna\u0144-Maraton-fot.-Jakub-Kaczmarczyk.jpg"},"modified":"2019-06-21T15:49:36","modified_gmt":"2019-06-21T13:49:36","slug":"09-10-2016-17-pko-poznan-maratonfot-jakub-kaczmarczyk","status":"inherit","type":"attachment","link":"https:\/\/marathon.poznan.pl\/en\/09-10-2016-17-pko-poznan-maratonfot-jakub-kaczmarczyk\/","title":{"rendered":"17.PKO Pozna\u0144 P\u00f3\u0142maraton (fot. Jakub Kaczmarczyk)"},"author":1,"comment_status":"closed","ping_status":"closed","template":"","meta":[],"description":{"rendered":"<p class=\"attachment\"><a href='https:\/\/marathon.poznan.pl\/en\/wp-content\/uploads\/2019\/06\/17.PKO-Pozna\u0144-Maraton-fot.-Jakub-Kaczmarczyk.jpg'><img width=\"1498\" height=\"1000\" src=\"https:\/\/marathon.poznan.pl\/en\/wp-content\/uploads\/2019\/06\/17.PKO-Pozna\u0144-Maraton-fot.-Jakub-Kaczmarczyk.jpg\" class=\"attachment-medium size-medium\" alt=\"17.PKO Pozna\u0144 P\u00f3\u0142maraton (fot. Jakub Kaczmarczyk)\" decoding=\"async\" loading=\"lazy\" srcset=\"https:\/\/marathon.poznan.pl\/en\/wp-content\/uploads\/2019\/06\/17.PKO-Pozna\u0144-Maraton-fot.-Jakub-Kaczmarczyk.jpg 1498w, https:\/\/marathon.poznan.pl\/en\/wp-content\/uploads\/2019\/06\/17.PKO-Pozna\u0144-Maraton-fot.-Jakub-Kaczmarczyk-150x100.jpg 150w, https:\/\/marathon.poznan.pl\/en\/wp-content\/uploads\/2019\/06\/17.PKO-Pozna\u0144-Maraton-fot.-Jakub-Kaczmarczyk-768x513.jpg 768w, https:\/\/marathon.poznan.pl\/en\/wp-content\/uploads\/2019\/06\/17.PKO-Pozna\u0144-Maraton-fot.-Jakub-Kaczmarczyk-1230x821.jpg 1230w\" sizes=\"(max-width: 1498px) 100vw, 1498px\" \/><\/a><\/p>\n"},"caption":{"rendered":""},"alt_text":"17.PKO Pozna\u0144 P\u00f3\u0142maraton (fot. Jakub Kaczmarczyk)","media_type":"image","mime_type":"image\/jpeg","media_details":{"width":1498,"height":1000,"file":"2019\/06\/17.PKO-Pozna\u0144-Maraton-fot.-Jakub-Kaczmarczyk.jpg","sizes":{"thumbnail":{"file":"17.PKO-Pozna\u0144-Maraton-fot.-Jakub-Kaczmarczyk-150x100.jpg","width":150,"height":100,"mime_type":"image\/jpeg","source_url":"https:\/\/marathon.poznan.pl\/en\/wp-content\/uploads\/2019\/06\/17.PKO-Pozna\u0144-Maraton-fot.-Jakub-Kaczmarczyk-150x100.jpg"},"medium_large":{"file":"17.PKO-Pozna\u0144-Maraton-fot.-Jakub-Kaczmarczyk-768x513.jpg","width":768,"height":513,"mime_type":"image\/jpeg","source_url":"https:\/\/marathon.poznan.pl\/en\/wp-content\/uploads\/2019\/06\/17.PKO-Pozna\u0144-Maraton-fot.-Jakub-Kaczmarczyk-768x513.jpg"},"post-thumbnail":{"file":"17.PKO-Pozna\u0144-Maraton-fot.-Jakub-Kaczmarczyk-1230x821.jpg","width":1230,"height":821,"mime_type":"image\/jpeg","source_url":"https:\/\/marathon.poznan.pl\/en\/wp-content\/uploads\/2019\/06\/17.PKO-Pozna\u0144-Maraton-fot.-Jakub-Kaczmarczyk-1230x821.jpg"},"full":{"file":"17.PKO-Pozna\u0144-Maraton-fot.-Jakub-Kaczmarczyk.jpg","width":1498,"height":1000,"mime_type":"image\/jpeg","source_url":"https:\/\/marathon.poznan.pl\/en\/wp-content\/uploads\/2019\/06\/17.PKO-Pozna\u0144-Maraton-fot.-Jakub-Kaczmarczyk.jpg"}},"image_meta":{"aperture":"0","credit":"Jakub Kaczmarczyk","camera":"","caption":"09.10.2016. 17 PKO Poznan maraton\rfot. Jakub Kaczmarczyk","created_timestamp":"1475995508","copyright":"","focal_length":"0","iso":"0","shutter_speed":"0","title":"09.10.2016. 17 PKO Poznan maraton\rfot. Jakub Kaczmarczyk","orientation":"0","keywords":[]}},"post":null,"source_url":"https:\/\/marathon.poznan.pl\/en\/wp-content\/uploads\/2019\/06\/17.PKO-Pozna\u0144-Maraton-fot.-Jakub-Kaczmarczyk.jpg","_links":{"self":[{"href":"https:\/\/marathon.poznan.pl\/en\/wp-json\/wp\/v2\/media\/2330"}],"collection":[{"href":"https:\/\/marathon.poznan.pl\/en\/wp-json\/wp\/v2\/media"}],"about":[{"href":"https:\/\/marathon.poznan.pl\/en\/wp-json\/wp\/v2\/types\/attachment"}],"author":[{"embeddable":true,"href":"https:\/\/marathon.poznan.pl\/en\/wp-json\/wp\/v2\/users\/1"}],"replies":[{"embeddable":true,"href":"https:\/\/marathon.poznan.pl\/en\/wp-json\/wp\/v2\/comments?post=2330"}]}}

https://marathon.poznan.pl/en/wp-content/uploads/2019/06/17.PKO-Poznań-Maraton-fot.-Jakub-Kaczmarczyk.jpg

17.PKO Poznań Półmaraton (fot. Jakub Kaczmarczyk)

<p class="attachment"><a href='https://marathon.poznan.pl/en/wp-content/uploads/2019/06/17.PKO-Poznań-Maraton-fot.-Jakub-Kaczmarczyk.jpg'><img width="1498" height="1000" src="https://marathon.poznan.pl/en/wp-content/uploads/2019/06/17.PKO-Poznań-Maraton-fot.-Jakub-Kaczmarczyk.jpg" class="attachment-medium size-medium" alt="17.PKO Poznań Półmaraton (fot. Jakub Kaczmarczyk)" decoding="async" loading="lazy" srcset="https://marathon.poznan.pl/en/wp-content/uploads/2019/06/17.PKO-Poznań-Maraton-fot.-Jakub-Kaczmarczyk.jpg 1498w, https://marathon.poznan.pl/en/wp-content/uploads/2019/06/17.PKO-Poznań-Maraton-fot.-Jakub-Kaczmarczyk-150x100.jpg 150w, https://marathon.poznan.pl/en/wp-content/uploads/2019/06/17.PKO-Poznań-Maraton-fot.-Jakub-Kaczmarczyk-768x513.jpg 768w, https://marathon.poznan.pl/en/wp-content/uploads/2019/06/17.PKO-Poznań-Maraton-fot.-Jakub-Kaczmarczyk-1230x821.jpg 1230w" sizes="(max-width: 1498px) 100vw, 1498px" /></a></p>

2019/06/17.PKO-Poznań-Maraton-fot.-Jakub-Kaczmarczyk.jpg

17.PKO-Poznań-Maraton-fot.-Jakub-Kaczmarczyk-150x100.jpg

https://marathon.poznan.pl/en/wp-content/uploads/2019/06/17.PKO-Poznań-Maraton-fot.-Jakub-Kaczmarczyk-150x100.jpg

17.PKO-Poznań-Maraton-fot.-Jakub-Kaczmarczyk-768x513.jpg

https://marathon.poznan.pl/en/wp-content/uploads/2019/06/17.PKO-Poznań-Maraton-fot.-Jakub-Kaczmarczyk-768x513.jpg

17.PKO-Poznań-Maraton-fot.-Jakub-Kaczmarczyk-1230x821.jpg

https://marathon.poznan.pl/en/wp-content/uploads/2019/06/17.PKO-Poznań-Maraton-fot.-Jakub-Kaczmarczyk-1230x821.jpg

17.PKO-Poznań-Maraton-fot.-Jakub-Kaczmarczyk.jpg
