{"id":2329,"date":"2019-06-21T15:46:45","date_gmt":"2019-06-21T13:46:45","guid":{"rendered":"https:\/\/marathon.poznan.pl\/en\/wp-content\/uploads\/2019\/06\/17.PKO-Pozna\u0144-Maraton-fot.-Dorota-\u015awiderska.jpg"},"modified":"2019-06-21T15:49:08","modified_gmt":"2019-06-21T13:49:08","slug":"17-pko-poznan-maraton-fot-dorota-swiderska","status":"inherit","type":"attachment","link":"https:\/\/marathon.poznan.pl\/en\/17-pko-poznan-maraton-fot-dorota-swiderska\/","title":{"rendered":"17.PKO Pozna\u0144 P\u00f3\u0142maraton (fot. Dorota \u015awiderska)"},"author":1,"comment_status":"closed","ping_status":"closed","template":"","meta":[],"description":{"rendered":"<p class=\"attachment\"><a href='https:\/\/marathon.poznan.pl\/en\/wp-content\/uploads\/2019\/06\/17.PKO-Pozna\u0144-Maraton-fot.-Dorota-\u015awiderska.jpg'><img width=\"1039\" height=\"768\" src=\"https:\/\/marathon.poznan.pl\/en\/wp-content\/uploads\/2019\/06\/17.PKO-Pozna\u0144-Maraton-fot.-Dorota-\u015awiderska.jpg\" class=\"attachment-medium size-medium\" alt=\"17.PKO Pozna\u0144 P\u00f3\u0142maraton (fot. Dorota \u015awiderska)\" decoding=\"async\" loading=\"lazy\" srcset=\"https:\/\/marathon.poznan.pl\/en\/wp-content\/uploads\/2019\/06\/17.PKO-Pozna\u0144-Maraton-fot.-Dorota-\u015awiderska.jpg 1039w, https:\/\/marathon.poznan.pl\/en\/wp-content\/uploads\/2019\/06\/17.PKO-Pozna\u0144-Maraton-fot.-Dorota-\u015awiderska-150x111.jpg 150w, https:\/\/marathon.poznan.pl\/en\/wp-content\/uploads\/2019\/06\/17.PKO-Pozna\u0144-Maraton-fot.-Dorota-\u015awiderska-768x568.jpg 768w\" sizes=\"(max-width: 1039px) 100vw, 1039px\" \/><\/a><\/p>\n"},"caption":{"rendered":""},"alt_text":"17.PKO Pozna\u0144 P\u00f3\u0142maraton (fot. Dorota \u015awiderska)","media_type":"image","mime_type":"image\/jpeg","media_details":{"width":1039,"height":768,"file":"2019\/06\/17.PKO-Pozna\u0144-Maraton-fot.-Dorota-\u015awiderska.jpg","sizes":{"thumbnail":{"file":"17.PKO-Pozna\u0144-Maraton-fot.-Dorota-\u015awiderska-150x111.jpg","width":150,"height":111,"mime_type":"image\/jpeg","source_url":"https:\/\/marathon.poznan.pl\/en\/wp-content\/uploads\/2019\/06\/17.PKO-Pozna\u0144-Maraton-fot.-Dorota-\u015awiderska-150x111.jpg"},"medium_large":{"file":"17.PKO-Pozna\u0144-Maraton-fot.-Dorota-\u015awiderska-768x568.jpg","width":768,"height":568,"mime_type":"image\/jpeg","source_url":"https:\/\/marathon.poznan.pl\/en\/wp-content\/uploads\/2019\/06\/17.PKO-Pozna\u0144-Maraton-fot.-Dorota-\u015awiderska-768x568.jpg"},"full":{"file":"17.PKO-Pozna\u0144-Maraton-fot.-Dorota-\u015awiderska.jpg","width":1039,"height":768,"mime_type":"image\/jpeg","source_url":"https:\/\/marathon.poznan.pl\/en\/wp-content\/uploads\/2019\/06\/17.PKO-Pozna\u0144-Maraton-fot.-Dorota-\u015awiderska.jpg"}},"image_meta":{"aperture":"5.6","credit":"","camera":"Canon EOS 60D","caption":"","created_timestamp":"1476018316","copyright":"","focal_length":"300","iso":"250","shutter_speed":"0.0005","title":"","orientation":"1","keywords":[]}},"post":null,"source_url":"https:\/\/marathon.poznan.pl\/en\/wp-content\/uploads\/2019\/06\/17.PKO-Pozna\u0144-Maraton-fot.-Dorota-\u015awiderska.jpg","_links":{"self":[{"href":"https:\/\/marathon.poznan.pl\/en\/wp-json\/wp\/v2\/media\/2329"}],"collection":[{"href":"https:\/\/marathon.poznan.pl\/en\/wp-json\/wp\/v2\/media"}],"about":[{"href":"https:\/\/marathon.poznan.pl\/en\/wp-json\/wp\/v2\/types\/attachment"}],"author":[{"embeddable":true,"href":"https:\/\/marathon.poznan.pl\/en\/wp-json\/wp\/v2\/users\/1"}],"replies":[{"embeddable":true,"href":"https:\/\/marathon.poznan.pl\/en\/wp-json\/wp\/v2\/comments?post=2329"}]}}

https://marathon.poznan.pl/en/wp-content/uploads/2019/06/17.PKO-Poznań-Maraton-fot.-Dorota-Świderska.jpg

17.PKO Poznań Półmaraton (fot. Dorota Świderska)

<p class="attachment"><a href='https://marathon.poznan.pl/en/wp-content/uploads/2019/06/17.PKO-Poznań-Maraton-fot.-Dorota-Świderska.jpg'><img width="1039" height="768" src="https://marathon.poznan.pl/en/wp-content/uploads/2019/06/17.PKO-Poznań-Maraton-fot.-Dorota-Świderska.jpg" class="attachment-medium size-medium" alt="17.PKO Poznań Półmaraton (fot. Dorota Świderska)" decoding="async" loading="lazy" srcset="https://marathon.poznan.pl/en/wp-content/uploads/2019/06/17.PKO-Poznań-Maraton-fot.-Dorota-Świderska.jpg 1039w, https://marathon.poznan.pl/en/wp-content/uploads/2019/06/17.PKO-Poznań-Maraton-fot.-Dorota-Świderska-150x111.jpg 150w, https://marathon.poznan.pl/en/wp-content/uploads/2019/06/17.PKO-Poznań-Maraton-fot.-Dorota-Świderska-768x568.jpg 768w" sizes="(max-width: 1039px) 100vw, 1039px" /></a></p>

2019/06/17.PKO-Poznań-Maraton-fot.-Dorota-Świderska.jpg

17.PKO-Poznań-Maraton-fot.-Dorota-Świderska-150x111.jpg

https://marathon.poznan.pl/en/wp-content/uploads/2019/06/17.PKO-Poznań-Maraton-fot.-Dorota-Świderska-150x111.jpg

17.PKO-Poznań-Maraton-fot.-Dorota-Świderska-768x568.jpg

https://marathon.poznan.pl/en/wp-content/uploads/2019/06/17.PKO-Poznań-Maraton-fot.-Dorota-Świderska-768x568.jpg

17.PKO-Poznań-Maraton-fot.-Dorota-Świderska.jpg
