{"id":2326,"date":"2019-06-21T15:46:43","date_gmt":"2019-06-21T13:46:43","guid":{"rendered":"https:\/\/marathon.poznan.pl\/en\/wp-content\/uploads\/2019\/06\/10.PKO-Pozna\u0144-P\u00f3\u0142maraton-fot.-Jakub-Kaczmarczyk.jpg"},"modified":"2019-06-21T15:48:06","modified_gmt":"2019-06-21T13:48:06","slug":"poznan-26-03-2017-10-pko-poznan-polmaraton-2","status":"inherit","type":"attachment","link":"https:\/\/marathon.poznan.pl\/en\/poznan-26-03-2017-10-pko-poznan-polmaraton-2\/","title":{"rendered":"10.PKO Pozna\u0144 P\u00f3\u0142maraton (fot. Jakub Kaczmarczyk)"},"author":1,"comment_status":"closed","ping_status":"closed","template":"","meta":[],"description":{"rendered":"<p class=\"attachment\"><a href='https:\/\/marathon.poznan.pl\/en\/wp-content\/uploads\/2019\/06\/10.PKO-Pozna\u0144-P\u00f3\u0142maraton-fot.-Jakub-Kaczmarczyk.jpg'><img width=\"1503\" height=\"1000\" src=\"https:\/\/marathon.poznan.pl\/en\/wp-content\/uploads\/2019\/06\/10.PKO-Pozna\u0144-P\u00f3\u0142maraton-fot.-Jakub-Kaczmarczyk.jpg\" class=\"attachment-medium size-medium\" alt=\"10.PKO Pozna\u0144 P\u00f3\u0142maraton (fot. Jakub Kaczmarczyk)\" decoding=\"async\" loading=\"lazy\" srcset=\"https:\/\/marathon.poznan.pl\/en\/wp-content\/uploads\/2019\/06\/10.PKO-Pozna\u0144-P\u00f3\u0142maraton-fot.-Jakub-Kaczmarczyk.jpg 1503w, https:\/\/marathon.poznan.pl\/en\/wp-content\/uploads\/2019\/06\/10.PKO-Pozna\u0144-P\u00f3\u0142maraton-fot.-Jakub-Kaczmarczyk-150x100.jpg 150w, https:\/\/marathon.poznan.pl\/en\/wp-content\/uploads\/2019\/06\/10.PKO-Pozna\u0144-P\u00f3\u0142maraton-fot.-Jakub-Kaczmarczyk-768x511.jpg 768w, https:\/\/marathon.poznan.pl\/en\/wp-content\/uploads\/2019\/06\/10.PKO-Pozna\u0144-P\u00f3\u0142maraton-fot.-Jakub-Kaczmarczyk-1230x818.jpg 1230w\" sizes=\"(max-width: 1503px) 100vw, 1503px\" \/><\/a><\/p>\n"},"caption":{"rendered":""},"alt_text":"10.PKO Pozna\u0144 P\u00f3\u0142maraton (fot. Jakub Kaczmarczyk)","media_type":"image","mime_type":"image\/jpeg","media_details":{"width":1503,"height":1000,"file":"2019\/06\/10.PKO-Pozna\u0144-P\u00f3\u0142maraton-fot.-Jakub-Kaczmarczyk.jpg","sizes":{"thumbnail":{"file":"10.PKO-Pozna\u0144-P\u00f3\u0142maraton-fot.-Jakub-Kaczmarczyk-150x100.jpg","width":150,"height":100,"mime_type":"image\/jpeg","source_url":"https:\/\/marathon.poznan.pl\/en\/wp-content\/uploads\/2019\/06\/10.PKO-Pozna\u0144-P\u00f3\u0142maraton-fot.-Jakub-Kaczmarczyk-150x100.jpg"},"medium_large":{"file":"10.PKO-Pozna\u0144-P\u00f3\u0142maraton-fot.-Jakub-Kaczmarczyk-768x511.jpg","width":768,"height":511,"mime_type":"image\/jpeg","source_url":"https:\/\/marathon.poznan.pl\/en\/wp-content\/uploads\/2019\/06\/10.PKO-Pozna\u0144-P\u00f3\u0142maraton-fot.-Jakub-Kaczmarczyk-768x511.jpg"},"post-thumbnail":{"file":"10.PKO-Pozna\u0144-P\u00f3\u0142maraton-fot.-Jakub-Kaczmarczyk-1230x818.jpg","width":1230,"height":818,"mime_type":"image\/jpeg","source_url":"https:\/\/marathon.poznan.pl\/en\/wp-content\/uploads\/2019\/06\/10.PKO-Pozna\u0144-P\u00f3\u0142maraton-fot.-Jakub-Kaczmarczyk-1230x818.jpg"},"full":{"file":"10.PKO-Pozna\u0144-P\u00f3\u0142maraton-fot.-Jakub-Kaczmarczyk.jpg","width":1503,"height":1000,"mime_type":"image\/jpeg","source_url":"https:\/\/marathon.poznan.pl\/en\/wp-content\/uploads\/2019\/06\/10.PKO-Pozna\u0144-P\u00f3\u0142maraton-fot.-Jakub-Kaczmarczyk.jpg"}},"image_meta":{"aperture":"0","credit":"Jakub Kaczmarczyk","camera":"","caption":"POZNAN 26.03.2017. 10 PKO POZNAN POLMARATON","created_timestamp":"1490513002","copyright":"","focal_length":"0","iso":"0","shutter_speed":"0","title":"POZNAN 26.03.2017. 10 PKO POZNAN POLMARATON","orientation":"0","keywords":[]}},"post":null,"source_url":"https:\/\/marathon.poznan.pl\/en\/wp-content\/uploads\/2019\/06\/10.PKO-Pozna\u0144-P\u00f3\u0142maraton-fot.-Jakub-Kaczmarczyk.jpg","_links":{"self":[{"href":"https:\/\/marathon.poznan.pl\/en\/wp-json\/wp\/v2\/media\/2326"}],"collection":[{"href":"https:\/\/marathon.poznan.pl\/en\/wp-json\/wp\/v2\/media"}],"about":[{"href":"https:\/\/marathon.poznan.pl\/en\/wp-json\/wp\/v2\/types\/attachment"}],"author":[{"embeddable":true,"href":"https:\/\/marathon.poznan.pl\/en\/wp-json\/wp\/v2\/users\/1"}],"replies":[{"embeddable":true,"href":"https:\/\/marathon.poznan.pl\/en\/wp-json\/wp\/v2\/comments?post=2326"}]}}

https://marathon.poznan.pl/en/wp-content/uploads/2019/06/10.PKO-Poznań-Półmaraton-fot.-Jakub-Kaczmarczyk.jpg

10.PKO Poznań Półmaraton (fot. Jakub Kaczmarczyk)

<p class="attachment"><a href='https://marathon.poznan.pl/en/wp-content/uploads/2019/06/10.PKO-Poznań-Półmaraton-fot.-Jakub-Kaczmarczyk.jpg'><img width="1503" height="1000" src="https://marathon.poznan.pl/en/wp-content/uploads/2019/06/10.PKO-Poznań-Półmaraton-fot.-Jakub-Kaczmarczyk.jpg" class="attachment-medium size-medium" alt="10.PKO Poznań Półmaraton (fot. Jakub Kaczmarczyk)" decoding="async" loading="lazy" srcset="https://marathon.poznan.pl/en/wp-content/uploads/2019/06/10.PKO-Poznań-Półmaraton-fot.-Jakub-Kaczmarczyk.jpg 1503w, https://marathon.poznan.pl/en/wp-content/uploads/2019/06/10.PKO-Poznań-Półmaraton-fot.-Jakub-Kaczmarczyk-150x100.jpg 150w, https://marathon.poznan.pl/en/wp-content/uploads/2019/06/10.PKO-Poznań-Półmaraton-fot.-Jakub-Kaczmarczyk-768x511.jpg 768w, https://marathon.poznan.pl/en/wp-content/uploads/2019/06/10.PKO-Poznań-Półmaraton-fot.-Jakub-Kaczmarczyk-1230x818.jpg 1230w" sizes="(max-width: 1503px) 100vw, 1503px" /></a></p>

2019/06/10.PKO-Poznań-Półmaraton-fot.-Jakub-Kaczmarczyk.jpg

10.PKO-Poznań-Półmaraton-fot.-Jakub-Kaczmarczyk-150x100.jpg

https://marathon.poznan.pl/en/wp-content/uploads/2019/06/10.PKO-Poznań-Półmaraton-fot.-Jakub-Kaczmarczyk-150x100.jpg

10.PKO-Poznań-Półmaraton-fot.-Jakub-Kaczmarczyk-768x511.jpg

https://marathon.poznan.pl/en/wp-content/uploads/2019/06/10.PKO-Poznań-Półmaraton-fot.-Jakub-Kaczmarczyk-768x511.jpg

10.PKO-Poznań-Półmaraton-fot.-Jakub-Kaczmarczyk-1230x818.jpg

https://marathon.poznan.pl/en/wp-content/uploads/2019/06/10.PKO-Poznań-Półmaraton-fot.-Jakub-Kaczmarczyk-1230x818.jpg

10.PKO-Poznań-Półmaraton-fot.-Jakub-Kaczmarczyk.jpg
